{"id":648,"date":"2023-07-31T17:52:40","date_gmt":"2023-07-31T20:52:40","guid":{"rendered":"https:\/\/jofisa11.engemarketing.com.br\/?page_id=648"},"modified":"2023-07-31T19:09:28","modified_gmt":"2023-07-31T22:09:28","slug":"campos-do-jordao","status":"publish","type":"page","link":"https:\/\/jofisa11.engemarketing.com.br\/index.php\/campos-do-jordao\/","title":{"rendered":"Campos do Jord\u00e3o"},"content":{"rendered":"\t\t<div data-elementor-type=\"wp-page\" data-elementor-id=\"648\" class=\"elementor elementor-648\">\n\t\t\t\t\t\t\t\t\t<section class=\"elementor-section elementor-top-section elementor-element elementor-element-28bed994 elementor-section-boxed elementor-section-height-default elementor-section-height-default\" data-id=\"28bed994\" data-element_type=\"section\" data-settings=\"{&quot;background_background&quot;:&quot;classic&quot;}\">\n\t\t\t\t\t\t\t<div class=\"elementor-background-overlay\"><\/div>\n\t\t\t\t\t\t\t<div class=\"elementor-container elementor-column-gap-no\">\n\t\t\t\t\t<div class=\"elementor-column elementor-col-100 elementor-top-column elementor-element elementor-element-1e08a051\" data-id=\"1e08a051\" data-element_type=\"column\">\n\t\t\t<div class=\"elementor-widget-wrap elementor-element-populated\">\n\t\t\t\t\t\t\t\t<div class=\"elementor-element elementor-element-194794fe elementor-widget elementor-widget-heading\" data-id=\"194794fe\" data-element_type=\"widget\" data-widget_type=\"heading.default\">\n\t\t\t\t<div class=\"elementor-widget-container\">\n\t\t\t<style>\/*! elementor - v3.14.0 - 26-06-2023 *\/\n.elementor-heading-title{padding:0;margin:0;line-height:1}.elementor-widget-heading .elementor-heading-title[class*=elementor-size-]>a{color:inherit;font-size:inherit;line-height:inherit}.elementor-widget-heading .elementor-heading-title.elementor-size-small{font-size:15px}.elementor-widget-heading .elementor-heading-title.elementor-size-medium{font-size:19px}.elementor-widget-heading .elementor-heading-title.elementor-size-large{font-size:29px}.elementor-widget-heading .elementor-heading-title.elementor-size-xl{font-size:39px}.elementor-widget-heading .elementor-heading-title.elementor-size-xxl{font-size:59px}<\/style><h1 class=\"elementor-heading-title elementor-size-default\">Campos do Jord\u00e3o<\/h1>\t\t<\/div>\n\t\t\t\t<\/div>\n\t\t\t\t\t<\/div>\n\t\t<\/div>\n\t\t\t\t\t\t\t<\/div>\n\t\t<\/section>\n\t\t\t\t<section class=\"elementor-section elementor-top-section elementor-element elementor-element-1a0c071f elementor-section-boxed elementor-section-height-default elementor-section-height-default\" data-id=\"1a0c071f\" data-element_type=\"section\" data-settings=\"{&quot;background_background&quot;:&quot;classic&quot;}\">\n\t\t\t\t\t\t<div class=\"elementor-container elementor-column-gap-no\">\n\t\t\t\t\t<div class=\"elementor-column elementor-col-50 elementor-top-column elementor-element elementor-element-4e89a6ac\" data-id=\"4e89a6ac\" data-element_type=\"column\">\n\t\t\t<div class=\"elementor-widget-wrap elementor-element-populated\">\n\t\t\t\t\t\t\t\t<div class=\"elementor-element elementor-element-15dd1607 gallery-spacing-custom elementor-widget elementor-widget-image-gallery\" data-id=\"15dd1607\" data-element_type=\"widget\" data-widget_type=\"image-gallery.default\">\n\t\t\t\t<div class=\"elementor-widget-container\">\n\t\t\t<style>\/*! elementor - v3.14.0 - 26-06-2023 *\/\n.elementor-image-gallery .gallery-item{display:inline-block;text-align:center;vertical-align:top;width:100%;max-width:100%;margin:0 auto}.elementor-image-gallery .gallery-item img{margin:0 auto}.elementor-image-gallery .gallery-item .gallery-caption{margin:0}.elementor-image-gallery figure img{display:block}.elementor-image-gallery figure figcaption{width:100%}.gallery-spacing-custom .elementor-image-gallery .gallery-icon{padding:0}@media (min-width:768px){.elementor-image-gallery .gallery-columns-2 .gallery-item{max-width:50%}.elementor-image-gallery .gallery-columns-3 .gallery-item{max-width:33.33%}.elementor-image-gallery .gallery-columns-4 .gallery-item{max-width:25%}.elementor-image-gallery .gallery-columns-5 .gallery-item{max-width:20%}.elementor-image-gallery .gallery-columns-6 .gallery-item{max-width:16.666%}.elementor-image-gallery .gallery-columns-7 .gallery-item{max-width:14.28%}.elementor-image-gallery .gallery-columns-8 .gallery-item{max-width:12.5%}.elementor-image-gallery .gallery-columns-9 .gallery-item{max-width:11.11%}.elementor-image-gallery .gallery-columns-10 .gallery-item{max-width:10%}}@media (min-width:480px) and (max-width:767px){.elementor-image-gallery .gallery.gallery-columns-2 .gallery-item,.elementor-image-gallery .gallery.gallery-columns-3 .gallery-item,.elementor-image-gallery .gallery.gallery-columns-4 .gallery-item,.elementor-image-gallery .gallery.gallery-columns-5 .gallery-item,.elementor-image-gallery .gallery.gallery-columns-6 .gallery-item,.elementor-image-gallery .gallery.gallery-columns-7 .gallery-item,.elementor-image-gallery .gallery.gallery-columns-8 .gallery-item,.elementor-image-gallery .gallery.gallery-columns-9 .gallery-item,.elementor-image-gallery .gallery.gallery-columns-10 .gallery-item{max-width:50%}}@media (max-width:479px){.elementor-image-gallery .gallery.gallery-columns-2 .gallery-item,.elementor-image-gallery .gallery.gallery-columns-3 .gallery-item,.elementor-image-gallery .gallery.gallery-columns-4 .gallery-item,.elementor-image-gallery .gallery.gallery-columns-5 .gallery-item,.elementor-image-gallery .gallery.gallery-columns-6 .gallery-item,.elementor-image-gallery .gallery.gallery-columns-7 .gallery-item,.elementor-image-gallery .gallery.gallery-columns-8 .gallery-item,.elementor-image-gallery .gallery.gallery-columns-9 .gallery-item,.elementor-image-gallery .gallery.gallery-columns-10 .gallery-item{max-width:100%}}<\/style>\t\t<div class=\"elementor-image-gallery\">\n\t\t\t<div id='gallery-1' class='gallery galleryid-648 gallery-columns-2 gallery-size-full'><figure class='gallery-item'>\n\t\t\t<div class='gallery-icon landscape'>\n\t\t\t\t<a data-elementor-open-lightbox=\"yes\" data-elementor-lightbox-slideshow=\"15dd1607\" data-elementor-lightbox-title=\"CASA-45-NOVA\" data-e-action-hash=\"#elementor-action%3Aaction%3Dlightbox%26settings%3DeyJpZCI6NjU1LCJ1cmwiOiJodHRwczpcL1wvam9maXNhMTEuZW5nZW1hcmtldGluZy5jb20uYnJcL3dwLWNvbnRlbnRcL3VwbG9hZHNcLzIwMjNcLzA3XC9DQVNBLTQ1LU5PVkEuanBlZyIsInNsaWRlc2hvdyI6IjE1ZGQxNjA3In0%3D\" href='https:\/\/jofisa11.engemarketing.com.br\/wp-content\/uploads\/2023\/07\/CASA-45-NOVA.jpeg'><img loading=\"lazy\" decoding=\"async\" width=\"1600\" height=\"1200\" src=\"https:\/\/jofisa11.engemarketing.com.br\/wp-content\/uploads\/2023\/07\/CASA-45-NOVA.jpeg\" class=\"attachment-full size-full\" alt=\"\" srcset=\"https:\/\/jofisa11.engemarketing.com.br\/wp-content\/uploads\/2023\/07\/CASA-45-NOVA.jpeg 1600w, https:\/\/jofisa11.engemarketing.com.br\/wp-content\/uploads\/2023\/07\/CASA-45-NOVA-300x225.jpeg 300w, https:\/\/jofisa11.engemarketing.com.br\/wp-content\/uploads\/2023\/07\/CASA-45-NOVA-1024x768.jpeg 1024w, https:\/\/jofisa11.engemarketing.com.br\/wp-content\/uploads\/2023\/07\/CASA-45-NOVA-768x576.jpeg 768w, https:\/\/jofisa11.engemarketing.com.br\/wp-content\/uploads\/2023\/07\/CASA-45-NOVA-1536x1152.jpeg 1536w\" sizes=\"auto, (max-width: 1600px) 100vw, 1600px\" \/><\/a>\n\t\t\t<\/div><\/figure><figure class='gallery-item'>\n\t\t\t<div class='gallery-icon landscape'>\n\t\t\t\t<a data-elementor-open-lightbox=\"yes\" data-elementor-lightbox-slideshow=\"15dd1607\" data-elementor-lightbox-title=\"campos-do-jordao-aopm-5\" data-e-action-hash=\"#elementor-action%3Aaction%3Dlightbox%26settings%3DeyJpZCI6NjU2LCJ1cmwiOiJodHRwczpcL1wvam9maXNhMTEuZW5nZW1hcmtldGluZy5jb20uYnJcL3dwLWNvbnRlbnRcL3VwbG9hZHNcLzIwMjNcLzA3XC9jYW1wb3MtZG8tam9yZGFvLWFvcG0tNS5qcGVnIiwic2xpZGVzaG93IjoiMTVkZDE2MDcifQ%3D%3D\" href='https:\/\/jofisa11.engemarketing.com.br\/wp-content\/uploads\/2023\/07\/campos-do-jordao-aopm-5.jpeg'><img loading=\"lazy\" decoding=\"async\" width=\"1280\" height=\"853\" src=\"https:\/\/jofisa11.engemarketing.com.br\/wp-content\/uploads\/2023\/07\/campos-do-jordao-aopm-5.jpeg\" class=\"attachment-full size-full\" alt=\"\" srcset=\"https:\/\/jofisa11.engemarketing.com.br\/wp-content\/uploads\/2023\/07\/campos-do-jordao-aopm-5.jpeg 1280w, https:\/\/jofisa11.engemarketing.com.br\/wp-content\/uploads\/2023\/07\/campos-do-jordao-aopm-5-300x200.jpeg 300w, https:\/\/jofisa11.engemarketing.com.br\/wp-content\/uploads\/2023\/07\/campos-do-jordao-aopm-5-1024x682.jpeg 1024w, https:\/\/jofisa11.engemarketing.com.br\/wp-content\/uploads\/2023\/07\/campos-do-jordao-aopm-5-768x512.jpeg 768w\" sizes=\"auto, (max-width: 1280px) 100vw, 1280px\" \/><\/a>\n\t\t\t<\/div><\/figure><figure class='gallery-item'>\n\t\t\t<div class='gallery-icon landscape'>\n\t\t\t\t<a data-elementor-open-lightbox=\"yes\" data-elementor-lightbox-slideshow=\"15dd1607\" data-elementor-lightbox-title=\"aopm-campos-jordao-8\" data-e-action-hash=\"#elementor-action%3Aaction%3Dlightbox%26settings%3DeyJpZCI6NjU3LCJ1cmwiOiJodHRwczpcL1wvam9maXNhMTEuZW5nZW1hcmtldGluZy5jb20uYnJcL3dwLWNvbnRlbnRcL3VwbG9hZHNcLzIwMjNcLzA3XC9hb3BtLWNhbXBvcy1qb3JkYW8tOC5qcGciLCJzbGlkZXNob3ciOiIxNWRkMTYwNyJ9\" href='https:\/\/jofisa11.engemarketing.com.br\/wp-content\/uploads\/2023\/07\/aopm-campos-jordao-8.jpg'><img loading=\"lazy\" decoding=\"async\" width=\"550\" height=\"413\" src=\"https:\/\/jofisa11.engemarketing.com.br\/wp-content\/uploads\/2023\/07\/aopm-campos-jordao-8.jpg\" class=\"attachment-full size-full\" alt=\"\" srcset=\"https:\/\/jofisa11.engemarketing.com.br\/wp-content\/uploads\/2023\/07\/aopm-campos-jordao-8.jpg 550w, https:\/\/jofisa11.engemarketing.com.br\/wp-content\/uploads\/2023\/07\/aopm-campos-jordao-8-300x225.jpg 300w\" sizes=\"auto, (max-width: 550px) 100vw, 550px\" \/><\/a>\n\t\t\t<\/div><\/figure><figure class='gallery-item'>\n\t\t\t<div class='gallery-icon landscape'>\n\t\t\t\t<a data-elementor-open-lightbox=\"yes\" data-elementor-lightbox-slideshow=\"15dd1607\" data-elementor-lightbox-title=\"aopm-campos-jordao-3\" data-e-action-hash=\"#elementor-action%3Aaction%3Dlightbox%26settings%3DeyJpZCI6NjU4LCJ1cmwiOiJodHRwczpcL1wvam9maXNhMTEuZW5nZW1hcmtldGluZy5jb20uYnJcL3dwLWNvbnRlbnRcL3VwbG9hZHNcLzIwMjNcLzA3XC9hb3BtLWNhbXBvcy1qb3JkYW8tMy5qcGciLCJzbGlkZXNob3ciOiIxNWRkMTYwNyJ9\" href='https:\/\/jofisa11.engemarketing.com.br\/wp-content\/uploads\/2023\/07\/aopm-campos-jordao-3.jpg'><img loading=\"lazy\" decoding=\"async\" width=\"1280\" height=\"960\" src=\"https:\/\/jofisa11.engemarketing.com.br\/wp-content\/uploads\/2023\/07\/aopm-campos-jordao-3.jpg\" class=\"attachment-full size-full\" alt=\"\" srcset=\"https:\/\/jofisa11.engemarketing.com.br\/wp-content\/uploads\/2023\/07\/aopm-campos-jordao-3.jpg 1280w, https:\/\/jofisa11.engemarketing.com.br\/wp-content\/uploads\/2023\/07\/aopm-campos-jordao-3-300x225.jpg 300w, https:\/\/jofisa11.engemarketing.com.br\/wp-content\/uploads\/2023\/07\/aopm-campos-jordao-3-1024x768.jpg 1024w, https:\/\/jofisa11.engemarketing.com.br\/wp-content\/uploads\/2023\/07\/aopm-campos-jordao-3-768x576.jpg 768w\" sizes=\"auto, (max-width: 1280px) 100vw, 1280px\" \/><\/a>\n\t\t\t<\/div><\/figure><figure class='gallery-item'>\n\t\t\t<div class='gallery-icon landscape'>\n\t\t\t\t<a data-elementor-open-lightbox=\"yes\" data-elementor-lightbox-slideshow=\"15dd1607\" data-elementor-lightbox-title=\"colonia-aopm-campos-do-jordao-58\" data-e-action-hash=\"#elementor-action%3Aaction%3Dlightbox%26settings%3DeyJpZCI6NjU5LCJ1cmwiOiJodHRwczpcL1wvam9maXNhMTEuZW5nZW1hcmtldGluZy5jb20uYnJcL3dwLWNvbnRlbnRcL3VwbG9hZHNcLzIwMjNcLzA3XC9jb2xvbmlhLWFvcG0tY2FtcG9zLWRvLWpvcmRhby01OC5qcGciLCJzbGlkZXNob3ciOiIxNWRkMTYwNyJ9\" href='https:\/\/jofisa11.engemarketing.com.br\/wp-content\/uploads\/2023\/07\/colonia-aopm-campos-do-jordao-58.jpg'><img loading=\"lazy\" decoding=\"async\" width=\"1980\" height=\"963\" src=\"https:\/\/jofisa11.engemarketing.com.br\/wp-content\/uploads\/2023\/07\/colonia-aopm-campos-do-jordao-58.jpg\" class=\"attachment-full size-full\" alt=\"\" srcset=\"https:\/\/jofisa11.engemarketing.com.br\/wp-content\/uploads\/2023\/07\/colonia-aopm-campos-do-jordao-58.jpg 1980w, https:\/\/jofisa11.engemarketing.com.br\/wp-content\/uploads\/2023\/07\/colonia-aopm-campos-do-jordao-58-300x146.jpg 300w, https:\/\/jofisa11.engemarketing.com.br\/wp-content\/uploads\/2023\/07\/colonia-aopm-campos-do-jordao-58-1024x498.jpg 1024w, https:\/\/jofisa11.engemarketing.com.br\/wp-content\/uploads\/2023\/07\/colonia-aopm-campos-do-jordao-58-768x374.jpg 768w, https:\/\/jofisa11.engemarketing.com.br\/wp-content\/uploads\/2023\/07\/colonia-aopm-campos-do-jordao-58-1536x747.jpg 1536w\" sizes=\"auto, (max-width: 1980px) 100vw, 1980px\" \/><\/a>\n\t\t\t<\/div><\/figure><figure class='gallery-item'>\n\t\t\t<div class='gallery-icon landscape'>\n\t\t\t\t<a data-elementor-open-lightbox=\"yes\" data-elementor-lightbox-slideshow=\"15dd1607\" data-elementor-lightbox-title=\"colonia-aopm-campos-do-jordao-4\" data-e-action-hash=\"#elementor-action%3Aaction%3Dlightbox%26settings%3DeyJpZCI6NjYwLCJ1cmwiOiJodHRwczpcL1wvam9maXNhMTEuZW5nZW1hcmtldGluZy5jb20uYnJcL3dwLWNvbnRlbnRcL3VwbG9hZHNcLzIwMjNcLzA3XC9jb2xvbmlhLWFvcG0tY2FtcG9zLWRvLWpvcmRhby00LmpwZyIsInNsaWRlc2hvdyI6IjE1ZGQxNjA3In0%3D\" href='https:\/\/jofisa11.engemarketing.com.br\/wp-content\/uploads\/2023\/07\/colonia-aopm-campos-do-jordao-4.jpg'><img loading=\"lazy\" decoding=\"async\" width=\"1980\" height=\"963\" src=\"https:\/\/jofisa11.engemarketing.com.br\/wp-content\/uploads\/2023\/07\/colonia-aopm-campos-do-jordao-4.jpg\" class=\"attachment-full size-full\" alt=\"\" srcset=\"https:\/\/jofisa11.engemarketing.com.br\/wp-content\/uploads\/2023\/07\/colonia-aopm-campos-do-jordao-4.jpg 1980w, https:\/\/jofisa11.engemarketing.com.br\/wp-content\/uploads\/2023\/07\/colonia-aopm-campos-do-jordao-4-300x146.jpg 300w, https:\/\/jofisa11.engemarketing.com.br\/wp-content\/uploads\/2023\/07\/colonia-aopm-campos-do-jordao-4-1024x498.jpg 1024w, https:\/\/jofisa11.engemarketing.com.br\/wp-content\/uploads\/2023\/07\/colonia-aopm-campos-do-jordao-4-768x374.jpg 768w, https:\/\/jofisa11.engemarketing.com.br\/wp-content\/uploads\/2023\/07\/colonia-aopm-campos-do-jordao-4-1536x747.jpg 1536w\" sizes=\"auto, (max-width: 1980px) 100vw, 1980px\" \/><\/a>\n\t\t\t<\/div><\/figure><figure class='gallery-item'>\n\t\t\t<div class='gallery-icon landscape'>\n\t\t\t\t<a data-elementor-open-lightbox=\"yes\" data-elementor-lightbox-slideshow=\"15dd1607\" data-elementor-lightbox-title=\"campos-do-jordao-aopm-5-1024x683\" data-e-action-hash=\"#elementor-action%3Aaction%3Dlightbox%26settings%3DeyJpZCI6NjYxLCJ1cmwiOiJodHRwczpcL1wvam9maXNhMTEuZW5nZW1hcmtldGluZy5jb20uYnJcL3dwLWNvbnRlbnRcL3VwbG9hZHNcLzIwMjNcLzA3XC9jYW1wb3MtZG8tam9yZGFvLWFvcG0tNS0xMDI0eDY4My0xLmpwZyIsInNsaWRlc2hvdyI6IjE1ZGQxNjA3In0%3D\" href='https:\/\/jofisa11.engemarketing.com.br\/wp-content\/uploads\/2023\/07\/campos-do-jordao-aopm-5-1024x683-1.jpg'><img loading=\"lazy\" decoding=\"async\" width=\"1024\" height=\"683\" src=\"https:\/\/jofisa11.engemarketing.com.br\/wp-content\/uploads\/2023\/07\/campos-do-jordao-aopm-5-1024x683-1.jpg\" class=\"attachment-full size-full\" alt=\"\" srcset=\"https:\/\/jofisa11.engemarketing.com.br\/wp-content\/uploads\/2023\/07\/campos-do-jordao-aopm-5-1024x683-1.jpg 1024w, https:\/\/jofisa11.engemarketing.com.br\/wp-content\/uploads\/2023\/07\/campos-do-jordao-aopm-5-1024x683-1-300x200.jpg 300w, https:\/\/jofisa11.engemarketing.com.br\/wp-content\/uploads\/2023\/07\/campos-do-jordao-aopm-5-1024x683-1-768x512.jpg 768w\" sizes=\"auto, (max-width: 1024px) 100vw, 1024px\" \/><\/a>\n\t\t\t<\/div><\/figure>\n\t\t<\/div>\n\t\t<\/div>\n\t\t\t\t<\/div>\n\t\t\t\t<\/div>\n\t\t\t\t\t<\/div>\n\t\t<\/div>\n\t\t\t\t<div class=\"elementor-column elementor-col-50 elementor-top-column elementor-element elementor-element-1f100b97\" data-id=\"1f100b97\" data-element_type=\"column\">\n\t\t\t<div class=\"elementor-widget-wrap elementor-element-populated\">\n\t\t\t\t\t\t\t\t<div class=\"elementor-element elementor-element-444a3d29 elementor-widget elementor-widget-text-editor\" data-id=\"444a3d29\" data-element_type=\"widget\" data-widget_type=\"text-editor.default\">\n\t\t\t\t<div class=\"elementor-widget-container\">\n\t\t\t<style>\/*! elementor - v3.14.0 - 26-06-2023 *\/\n.elementor-widget-text-editor.elementor-drop-cap-view-stacked .elementor-drop-cap{background-color:#69727d;color:#fff}.elementor-widget-text-editor.elementor-drop-cap-view-framed .elementor-drop-cap{color:#69727d;border:3px solid;background-color:transparent}.elementor-widget-text-editor:not(.elementor-drop-cap-view-default) .elementor-drop-cap{margin-top:8px}.elementor-widget-text-editor:not(.elementor-drop-cap-view-default) .elementor-drop-cap-letter{width:1em;height:1em}.elementor-widget-text-editor .elementor-drop-cap{float:left;text-align:center;line-height:1;font-size:50px}.elementor-widget-text-editor .elementor-drop-cap-letter{display:inline-block}<\/style>\t\t\t\t<p><b>CAMPOS DO JORD\u00c3O<\/b><\/p>\t\t\t\t\t\t<\/div>\n\t\t\t\t<\/div>\n\t\t\t\t<div class=\"elementor-element elementor-element-336de1bb elementor-widget elementor-widget-text-editor\" data-id=\"336de1bb\" data-element_type=\"widget\" data-widget_type=\"text-editor.default\">\n\t\t\t\t<div class=\"elementor-widget-container\">\n\t\t\t\t\t\t\t<p class=\"v1MsoNormal\"><b>Col\u00f4nia de F\u00e9rias AOPM<\/b><b><\/b><\/p><p class=\"v1MsoNormal\"><b>Descri\u00e7\u00e3o<\/b><\/p><p class=\"v1MsoNormal\">Localizada na Vila Natal, uma regi\u00e3o exuberante em natureza, oferece ao h\u00f3spede muita tranquilidade e lazer.<\/p><p class=\"v1MsoNormal\"><b>Acomoda\u00e7\u00f5es:<\/b>\u00a0Possuem 56 chal\u00e9s ou casas, com TV, frigobar, roupa de cama e banho, as casas maiores possuem sala com lareira e estacionamento.<\/p><p class=\"v1MsoNormal\"><b>Voltagem:<\/b>\u00a0110 volts<\/p><p class=\"v1MsoNormal\"><b>Estrutura:<\/b>\u00a0Possui quadras de t\u00eanis, quadra poliesportiva, campo de futebol, sal\u00e3o de jogos, sala de TV, sala de estar e leitura, mesa de bilhar e de carteado, lanchonete e playground e um grande audit\u00f3rio para grupos que queiram realizar eventos.<\/p><p class=\"v1MsoNormal\"><b>Voltagem:<\/b>\u00a0110 volts<\/p><p class=\"v1MsoNormal\">Di\u00e1rias &#8211; De segunda-feira a quinta-feira &#8211; Caf\u00e9 da manh\u00e3<\/p><p class=\"v1MsoNormal\">\u00a0\u00a0\u00a0 De Sexta-feira a domingo &#8211; Pens\u00e3o completa<\/p><p class=\"v1MsoNormal\"><b>\u00a0<\/b><b>Informa\u00e7\u00f5es adicionais<\/b><\/p><p class=\"v1MsoNormal\"><b>\u00a0<\/b><b>Dist\u00e2ncia &#8211;\u00a0<\/b>174 km da Cidade de S\u00e3o Paulo<\/p><p class=\"v1MsoNormal\"><b>Endere\u00e7o:<\/b>\u00a0Av. Dr. Irineu Gon\u00e7alves da Silva, 2605 \u2013 Vila Natal<\/p><p class=\"v1MsoNormal\"><b>Como Chegar &#8211; Ver pelo google<\/b><\/p><p class=\"v1MsoNormal\">ATENDIMENTO S\u00d3 PARA ASSOCIADO<\/p><p class=\"v1MsoNormal\">A RESERVA DEVE SER EFETUADA NA JOFISA<\/p>\t\t\t\t\t\t<\/div>\n\t\t\t\t<\/div>\n\t\t\t\t\t<\/div>\n\t\t<\/div>\n\t\t\t\t\t\t\t<\/div>\n\t\t<\/section>\n\t\t\t\t\t\t\t<\/div>\n\t\t","protected":false},"excerpt":{"rendered":"<p>Campos do Jord\u00e3o CAMPOS DO JORD\u00c3O Col\u00f4nia de F\u00e9rias AOPM Descri\u00e7\u00e3o Localizada na Vila Natal, uma regi\u00e3o exuberante em natureza, oferece ao h\u00f3spede muita tranquilidade e lazer. Acomoda\u00e7\u00f5es:\u00a0Possuem 56 chal\u00e9s ou casas, com TV, frigobar, roupa de cama e banho, as casas maiores possuem sala com lareira e estacionamento. Voltagem:\u00a0110 volts Estrutura:\u00a0Possui quadras de t\u00eanis, &hellip;<\/p>\n<p class=\"read-more\"> <a class=\"\" href=\"https:\/\/jofisa11.engemarketing.com.br\/index.php\/campos-do-jordao\/\"> <span class=\"screen-reader-text\">Campos do Jord\u00e3o<\/span> Leia mais &raquo;<\/a><\/p>\n","protected":false},"author":1,"featured_media":0,"parent":0,"menu_order":0,"comment_status":"closed","ping_status":"closed","template":"","meta":{"site-sidebar-layout":"no-sidebar","site-content-layout":"page-builder","ast-global-header-display":"","ast-banner-title-visibility":"","ast-main-header-display":"","ast-hfb-above-header-display":"","ast-hfb-below-header-display":"","ast-hfb-mobile-header-display":"","site-post-title":"disabled","ast-breadcrumbs-content":"","ast-featured-img":"disabled","footer-sml-layout":"","theme-transparent-header-meta":"","adv-header-id-meta":"","stick-header-meta":"","header-above-stick-meta":"","header-main-stick-meta":"","header-below-stick-meta":"","footnotes":""},"class_list":["post-648","page","type-page","status-publish","hentry"],"_links":{"self":[{"href":"https:\/\/jofisa11.engemarketing.com.br\/index.php\/wp-json\/wp\/v2\/pages\/648","targetHints":{"allow":["GET"]}}],"collection":[{"href":"https:\/\/jofisa11.engemarketing.com.br\/index.php\/wp-json\/wp\/v2\/pages"}],"about":[{"href":"https:\/\/jofisa11.engemarketing.com.br\/index.php\/wp-json\/wp\/v2\/types\/page"}],"author":[{"embeddable":true,"href":"https:\/\/jofisa11.engemarketing.com.br\/index.php\/wp-json\/wp\/v2\/users\/1"}],"replies":[{"embeddable":true,"href":"https:\/\/jofisa11.engemarketing.com.br\/index.php\/wp-json\/wp\/v2\/comments?post=648"}],"version-history":[{"count":4,"href":"https:\/\/jofisa11.engemarketing.com.br\/index.php\/wp-json\/wp\/v2\/pages\/648\/revisions"}],"predecessor-version":[{"id":664,"href":"https:\/\/jofisa11.engemarketing.com.br\/index.php\/wp-json\/wp\/v2\/pages\/648\/revisions\/664"}],"wp:attachment":[{"href":"https:\/\/jofisa11.engemarketing.com.br\/index.php\/wp-json\/wp\/v2\/media?parent=648"}],"curies":[{"name":"wp","href":"https:\/\/api.w.org\/{rel}","templated":true}]}}