{"id":611,"date":"2023-07-31T16:56:51","date_gmt":"2023-07-31T19:56:51","guid":{"rendered":"https:\/\/jofisa11.engemarketing.com.br\/?page_id=611"},"modified":"2023-07-31T17:26:49","modified_gmt":"2023-07-31T20:26:49","slug":"sao-roque","status":"publish","type":"page","link":"https:\/\/jofisa11.engemarketing.com.br\/index.php\/sao-roque\/","title":{"rendered":"S\u00e3o Roque"},"content":{"rendered":"\t\t<div data-elementor-type=\"wp-page\" data-elementor-id=\"611\" class=\"elementor elementor-611\">\n\t\t\t\t\t\t\t\t\t<section class=\"elementor-section elementor-top-section elementor-element elementor-element-b9kdqck elementor-section-boxed elementor-section-height-default elementor-section-height-default\" data-id=\"b9kdqck\" data-element_type=\"section\" data-settings=\"{&quot;background_background&quot;:&quot;classic&quot;}\">\n\t\t\t\t\t\t\t<div class=\"elementor-background-overlay\"><\/div>\n\t\t\t\t\t\t\t<div class=\"elementor-container elementor-column-gap-no\">\n\t\t\t\t\t<div class=\"elementor-column elementor-col-100 elementor-top-column elementor-element elementor-element-74a8848\" data-id=\"74a8848\" data-element_type=\"column\">\n\t\t\t<div class=\"elementor-widget-wrap elementor-element-populated\">\n\t\t\t\t\t\t\t\t<div class=\"elementor-element elementor-element-c3ff2c9 elementor-widget elementor-widget-heading\" data-id=\"c3ff2c9\" data-element_type=\"widget\" data-widget_type=\"heading.default\">\n\t\t\t\t<div class=\"elementor-widget-container\">\n\t\t\t<style>\/*! elementor - v3.14.0 - 26-06-2023 *\/\n.elementor-heading-title{padding:0;margin:0;line-height:1}.elementor-widget-heading .elementor-heading-title[class*=elementor-size-]>a{color:inherit;font-size:inherit;line-height:inherit}.elementor-widget-heading .elementor-heading-title.elementor-size-small{font-size:15px}.elementor-widget-heading .elementor-heading-title.elementor-size-medium{font-size:19px}.elementor-widget-heading .elementor-heading-title.elementor-size-large{font-size:29px}.elementor-widget-heading .elementor-heading-title.elementor-size-xl{font-size:39px}.elementor-widget-heading .elementor-heading-title.elementor-size-xxl{font-size:59px}<\/style><h1 class=\"elementor-heading-title elementor-size-default\">S\u00e3o ROQUE<\/h1>\t\t<\/div>\n\t\t\t\t<\/div>\n\t\t\t\t\t<\/div>\n\t\t<\/div>\n\t\t\t\t\t\t\t<\/div>\n\t\t<\/section>\n\t\t\t\t<section class=\"elementor-section elementor-top-section elementor-element elementor-element-vk1ex5e elementor-section-boxed elementor-section-height-default elementor-section-height-default\" data-id=\"vk1ex5e\" data-element_type=\"section\" data-settings=\"{&quot;background_background&quot;:&quot;classic&quot;}\">\n\t\t\t\t\t\t<div class=\"elementor-container elementor-column-gap-no\">\n\t\t\t\t\t<div class=\"elementor-column elementor-col-50 elementor-top-column elementor-element elementor-element-aa095c6\" data-id=\"aa095c6\" data-element_type=\"column\">\n\t\t\t<div class=\"elementor-widget-wrap elementor-element-populated\">\n\t\t\t\t\t\t\t\t<div class=\"elementor-element elementor-element-3a5cddd gallery-spacing-custom elementor-widget elementor-widget-image-gallery\" data-id=\"3a5cddd\" data-element_type=\"widget\" data-widget_type=\"image-gallery.default\">\n\t\t\t\t<div class=\"elementor-widget-container\">\n\t\t\t<style>\/*! elementor - v3.14.0 - 26-06-2023 *\/\n.elementor-image-gallery .gallery-item{display:inline-block;text-align:center;vertical-align:top;width:100%;max-width:100%;margin:0 auto}.elementor-image-gallery .gallery-item img{margin:0 auto}.elementor-image-gallery .gallery-item .gallery-caption{margin:0}.elementor-image-gallery figure img{display:block}.elementor-image-gallery figure figcaption{width:100%}.gallery-spacing-custom .elementor-image-gallery .gallery-icon{padding:0}@media (min-width:768px){.elementor-image-gallery .gallery-columns-2 .gallery-item{max-width:50%}.elementor-image-gallery .gallery-columns-3 .gallery-item{max-width:33.33%}.elementor-image-gallery .gallery-columns-4 .gallery-item{max-width:25%}.elementor-image-gallery .gallery-columns-5 .gallery-item{max-width:20%}.elementor-image-gallery .gallery-columns-6 .gallery-item{max-width:16.666%}.elementor-image-gallery .gallery-columns-7 .gallery-item{max-width:14.28%}.elementor-image-gallery .gallery-columns-8 .gallery-item{max-width:12.5%}.elementor-image-gallery .gallery-columns-9 .gallery-item{max-width:11.11%}.elementor-image-gallery .gallery-columns-10 .gallery-item{max-width:10%}}@media (min-width:480px) and (max-width:767px){.elementor-image-gallery .gallery.gallery-columns-2 .gallery-item,.elementor-image-gallery .gallery.gallery-columns-3 .gallery-item,.elementor-image-gallery .gallery.gallery-columns-4 .gallery-item,.elementor-image-gallery .gallery.gallery-columns-5 .gallery-item,.elementor-image-gallery .gallery.gallery-columns-6 .gallery-item,.elementor-image-gallery .gallery.gallery-columns-7 .gallery-item,.elementor-image-gallery .gallery.gallery-columns-8 .gallery-item,.elementor-image-gallery .gallery.gallery-columns-9 .gallery-item,.elementor-image-gallery .gallery.gallery-columns-10 .gallery-item{max-width:50%}}@media (max-width:479px){.elementor-image-gallery .gallery.gallery-columns-2 .gallery-item,.elementor-image-gallery .gallery.gallery-columns-3 .gallery-item,.elementor-image-gallery .gallery.gallery-columns-4 .gallery-item,.elementor-image-gallery .gallery.gallery-columns-5 .gallery-item,.elementor-image-gallery .gallery.gallery-columns-6 .gallery-item,.elementor-image-gallery .gallery.gallery-columns-7 .gallery-item,.elementor-image-gallery .gallery.gallery-columns-8 .gallery-item,.elementor-image-gallery .gallery.gallery-columns-9 .gallery-item,.elementor-image-gallery .gallery.gallery-columns-10 .gallery-item{max-width:100%}}<\/style>\t\t<div class=\"elementor-image-gallery\">\n\t\t\t<div id='gallery-1' class='gallery galleryid-611 gallery-columns-2 gallery-size-full'><figure class='gallery-item'>\n\t\t\t<div class='gallery-icon landscape'>\n\t\t\t\t<a data-elementor-open-lightbox=\"yes\" data-elementor-lightbox-slideshow=\"3a5cddd\" data-elementor-lightbox-title=\"Clube-Campo-S\u00e3o-Roque\" data-e-action-hash=\"#elementor-action%3Aaction%3Dlightbox%26settings%3DeyJpZCI6NjIzLCJ1cmwiOiJodHRwczpcL1wvam9maXNhMTEuZW5nZW1hcmtldGluZy5jb20uYnJcL3dwLWNvbnRlbnRcL3VwbG9hZHNcLzIwMjNcLzA3XC9DbHViZS1DYW1wby1TYW8tUm9xdWUuanBnIiwic2xpZGVzaG93IjoiM2E1Y2RkZCJ9\" href='https:\/\/jofisa11.engemarketing.com.br\/wp-content\/uploads\/2023\/07\/Clube-Campo-Sao-Roque.jpg'><img loading=\"lazy\" decoding=\"async\" width=\"1600\" height=\"1200\" src=\"https:\/\/jofisa11.engemarketing.com.br\/wp-content\/uploads\/2023\/07\/Clube-Campo-Sao-Roque.jpg\" class=\"attachment-full size-full\" alt=\"\" srcset=\"https:\/\/jofisa11.engemarketing.com.br\/wp-content\/uploads\/2023\/07\/Clube-Campo-Sao-Roque.jpg 1600w, https:\/\/jofisa11.engemarketing.com.br\/wp-content\/uploads\/2023\/07\/Clube-Campo-Sao-Roque-300x225.jpg 300w, https:\/\/jofisa11.engemarketing.com.br\/wp-content\/uploads\/2023\/07\/Clube-Campo-Sao-Roque-1024x768.jpg 1024w, https:\/\/jofisa11.engemarketing.com.br\/wp-content\/uploads\/2023\/07\/Clube-Campo-Sao-Roque-768x576.jpg 768w, https:\/\/jofisa11.engemarketing.com.br\/wp-content\/uploads\/2023\/07\/Clube-Campo-Sao-Roque-1536x1152.jpg 1536w\" sizes=\"auto, (max-width: 1600px) 100vw, 1600px\" \/><\/a>\n\t\t\t<\/div><\/figure><figure class='gallery-item'>\n\t\t\t<div class='gallery-icon landscape'>\n\t\t\t\t<a data-elementor-open-lightbox=\"yes\" data-elementor-lightbox-slideshow=\"3a5cddd\" data-elementor-lightbox-title=\"Pra\u00e7a-S\u00e3o-Rouque\" data-e-action-hash=\"#elementor-action%3Aaction%3Dlightbox%26settings%3DeyJpZCI6NjI0LCJ1cmwiOiJodHRwczpcL1wvam9maXNhMTEuZW5nZW1hcmtldGluZy5jb20uYnJcL3dwLWNvbnRlbnRcL3VwbG9hZHNcLzIwMjNcLzA3XC9QcmFjYS1TYW8tUm91cXVlLmpwZyIsInNsaWRlc2hvdyI6IjNhNWNkZGQifQ%3D%3D\" href='https:\/\/jofisa11.engemarketing.com.br\/wp-content\/uploads\/2023\/07\/Praca-Sao-Rouque.jpg'><img loading=\"lazy\" decoding=\"async\" width=\"815\" height=\"591\" src=\"https:\/\/jofisa11.engemarketing.com.br\/wp-content\/uploads\/2023\/07\/Praca-Sao-Rouque.jpg\" class=\"attachment-full size-full\" alt=\"\" srcset=\"https:\/\/jofisa11.engemarketing.com.br\/wp-content\/uploads\/2023\/07\/Praca-Sao-Rouque.jpg 815w, https:\/\/jofisa11.engemarketing.com.br\/wp-content\/uploads\/2023\/07\/Praca-Sao-Rouque-300x218.jpg 300w, https:\/\/jofisa11.engemarketing.com.br\/wp-content\/uploads\/2023\/07\/Praca-Sao-Rouque-768x557.jpg 768w\" sizes=\"auto, (max-width: 815px) 100vw, 815px\" \/><\/a>\n\t\t\t<\/div><\/figure>\n\t\t<\/div>\n\t\t<\/div>\n\t\t\t\t<\/div>\n\t\t\t\t<\/div>\n\t\t\t\t\t<\/div>\n\t\t<\/div>\n\t\t\t\t<div class=\"elementor-column elementor-col-50 elementor-top-column elementor-element elementor-element-9ef9c13\" data-id=\"9ef9c13\" data-element_type=\"column\">\n\t\t\t<div class=\"elementor-widget-wrap elementor-element-populated\">\n\t\t\t\t\t\t\t\t<div class=\"elementor-element elementor-element-e8b21a0 elementor-widget elementor-widget-text-editor\" data-id=\"e8b21a0\" data-element_type=\"widget\" data-widget_type=\"text-editor.default\">\n\t\t\t\t<div class=\"elementor-widget-container\">\n\t\t\t<style>\/*! elementor - v3.14.0 - 26-06-2023 *\/\n.elementor-widget-text-editor.elementor-drop-cap-view-stacked .elementor-drop-cap{background-color:#69727d;color:#fff}.elementor-widget-text-editor.elementor-drop-cap-view-framed .elementor-drop-cap{color:#69727d;border:3px solid;background-color:transparent}.elementor-widget-text-editor:not(.elementor-drop-cap-view-default) .elementor-drop-cap{margin-top:8px}.elementor-widget-text-editor:not(.elementor-drop-cap-view-default) .elementor-drop-cap-letter{width:1em;height:1em}.elementor-widget-text-editor .elementor-drop-cap{float:left;text-align:center;line-height:1;font-size:50px}.elementor-widget-text-editor .elementor-drop-cap-letter{display:inline-block}<\/style>\t\t\t\t<p><b>CLUBE DE CAMPO DE S\u00c3O ROQUE<\/b><\/p>\t\t\t\t\t\t<\/div>\n\t\t\t\t<\/div>\n\t\t\t\t<div class=\"elementor-element elementor-element-3e8382d elementor-widget elementor-widget-text-editor\" data-id=\"3e8382d\" data-element_type=\"widget\" data-widget_type=\"text-editor.default\">\n\t\t\t\t<div class=\"elementor-widget-container\">\n\t\t\t\t\t\t\t<p class=\"v1MsoNormal\"><b>Descri\u00e7\u00e3o<\/b><\/p><p>Passe um dia agrad\u00e1vel e com a fam\u00edlia se divertindo e aproveitando a natureza exuberante do clube de campo.<\/p><p><strong>Estrutura:<\/strong>\u00a0Piscina adulta e infantil, quadrar poliesportiva, quadra de t\u00eanis, Mini Campo de futebol, academia ao ar livre, playground, lanchonete na piscina, restaurante, estacionamento ao ar livre, cal\u00e7ad\u00e3o para caminhada e uma grande \u00e1rea verde.<\/p><p><strong>Acomoda\u00e7\u00e3o:<\/strong>\u00a007 chal\u00e9s com capacidade para 04 pessoas e 02 casas com capacidade para 08 pessoas, sala de estar, TV, geladeira, roupa de cama e banho, banheiro privativo.<\/p><p>Di\u00e1rias com caf\u00e9 da manh\u00e3.<\/p><p><strong>Voltagem:<\/strong>\u00a0110 volts<\/p><p>N\u00e3o aceita animais.<\/p><p><b>Informa\u00e7\u00f5es Adicionais<\/b><\/p><p>Localizado &#8211; 50 minutos de S\u00e3o Paulo<\/p><p class=\"v1MsoNormal\">Estrada Municipal do Carmo, 510 &#8211; Bairro do Carmo<\/p><p class=\"v1MsoNormal\">Telefone (0**1) 4717-1259<\/p><p>Hospedagem &#8211; Sexta-feira a partir das 16:00 a domingo<\/p><p>Day Use &#8211; S\u00e1bado e domingo das 8:00 \u00e1s 17:00<\/p><p>Refei\u00e7\u00f5es &#8211; Restaurante funciona na alta temporada no sistema self-service.<\/p><p>Lanchonete &#8211; funciona normalmente nos finais de semana.<\/p>\t\t\t\t\t\t<\/div>\n\t\t\t\t<\/div>\n\t\t\t\t\t<\/div>\n\t\t<\/div>\n\t\t\t\t\t\t\t<\/div>\n\t\t<\/section>\n\t\t\t\t\t\t\t<\/div>\n\t\t","protected":false},"excerpt":{"rendered":"<p>S\u00e3o ROQUE CLUBE DE CAMPO DE S\u00c3O ROQUE Descri\u00e7\u00e3o Passe um dia agrad\u00e1vel e com a fam\u00edlia se divertindo e aproveitando a natureza exuberante do clube de campo. Estrutura:\u00a0Piscina adulta e infantil, quadrar poliesportiva, quadra de t\u00eanis, Mini Campo de futebol, academia ao ar livre, playground, lanchonete na piscina, restaurante, estacionamento ao ar livre, cal\u00e7ad\u00e3o &hellip;<\/p>\n<p class=\"read-more\"> <a class=\"\" href=\"https:\/\/jofisa11.engemarketing.com.br\/index.php\/sao-roque\/\"> <span class=\"screen-reader-text\">S\u00e3o Roque<\/span> Leia mais &raquo;<\/a><\/p>\n","protected":false},"author":1,"featured_media":0,"parent":0,"menu_order":0,"comment_status":"closed","ping_status":"closed","template":"","meta":{"site-sidebar-layout":"no-sidebar","site-content-layout":"page-builder","ast-global-header-display":"","ast-banner-title-visibility":"","ast-main-header-display":"","ast-hfb-above-header-display":"","ast-hfb-below-header-display":"","ast-hfb-mobile-header-display":"","site-post-title":"disabled","ast-breadcrumbs-content":"","ast-featured-img":"disabled","footer-sml-layout":"","theme-transparent-header-meta":"","adv-header-id-meta":"","stick-header-meta":"","header-above-stick-meta":"","header-main-stick-meta":"","header-below-stick-meta":"","footnotes":""},"class_list":["post-611","page","type-page","status-publish","hentry"],"_links":{"self":[{"href":"https:\/\/jofisa11.engemarketing.com.br\/index.php\/wp-json\/wp\/v2\/pages\/611","targetHints":{"allow":["GET"]}}],"collection":[{"href":"https:\/\/jofisa11.engemarketing.com.br\/index.php\/wp-json\/wp\/v2\/pages"}],"about":[{"href":"https:\/\/jofisa11.engemarketing.com.br\/index.php\/wp-json\/wp\/v2\/types\/page"}],"author":[{"embeddable":true,"href":"https:\/\/jofisa11.engemarketing.com.br\/index.php\/wp-json\/wp\/v2\/users\/1"}],"replies":[{"embeddable":true,"href":"https:\/\/jofisa11.engemarketing.com.br\/index.php\/wp-json\/wp\/v2\/comments?post=611"}],"version-history":[{"count":7,"href":"https:\/\/jofisa11.engemarketing.com.br\/index.php\/wp-json\/wp\/v2\/pages\/611\/revisions"}],"predecessor-version":[{"id":633,"href":"https:\/\/jofisa11.engemarketing.com.br\/index.php\/wp-json\/wp\/v2\/pages\/611\/revisions\/633"}],"wp:attachment":[{"href":"https:\/\/jofisa11.engemarketing.com.br\/index.php\/wp-json\/wp\/v2\/media?parent=611"}],"curies":[{"name":"wp","href":"https:\/\/api.w.org\/{rel}","templated":true}]}}